. Calculate the greatest common factor of y and 96.
24
Suppose -97 - 511 = -8*h. What is the greatest common divisor of h and 57?
19
Let a be 13 - 1 - 0/(-2). Let b(l) = -l**2 + 11*l - 18. Let g be b(8). What is the greatest common divisor of a and g?
6
Suppose l = 5*b - 121 - 680, -165 = -b + 5*l. Suppose b = d + 3*d. Suppose -h - d = -6*i + 2*i, -3*h = 0. Calculate the greatest common divisor of i and 4.
2
Let n = -8 + 8. Suppose 0 = 4*w - n*w - 440. What is the highest common factor of 10 and w?
10
Let i(z) = 4 - 10*z - 3*z - 2. Suppose -2*x - 4 = -x. Let q be i(x). What is the greatest common divisor of q and 6?
6
Suppose 4*a + 404 = 4*x, -5*x - 26 = a + 81. Let g be (-424)/10 + 4/10. Let j = g - a. What is the greatest common factor of j and 24?
12
Let l(j) = 2*j**2 + 2*j + 11. Let d be l(0). What is the greatest common divisor of d and 99?
11
Suppose 11*n - 102 + 14 = 0. Calculate the greatest common factor of n and 2.
2
Suppose 4*m - c - 20 = 0, -c - 4 = -0. Suppose -m*a = -6*a + 60. Suppose -4*x - l + 44 = 4*l, 0 = -2*x + l + 8. What is the greatest common divisor of x and a?
6
Let t(f) = 16*f - 8. Let y be t(-10). Let o be (-1)/(-3)*y/(-7). What is the greatest common divisor of 40 and o?
8
Suppose 4*j + 20 = 5*q, -q - 20 = j + 3*j. Suppose -2*a = 4*g - q*a + 56, 4*g = 3*a - 36. Let v = g - -18. What is the highest common divisor of 54 and v?
6
Let x = 182 - 56. What is the greatest common divisor of 18 and x?
18
Let s(z) = z + 11. Let r be s(-7). Suppose -2*n + r*p - 25 = -5*n, -4*n = -p - 46. What is the greatest common divisor of 88 and n?
11
Let n(v) = v**3 - 9*v**2 + 8*v + 3. Let j be n(8). Let x be 30/j*(2 - -1). What is the highest common factor of x and 6?
6
Suppose 0 = -2*u - 28 + 236. Calculate the highest common divisor of 13 and u.
13
Suppose -5*t + 2*d + 0*d - 15 = 0, -3*t - d + 2 = 0. Let c be (t + -6)/((-4)/20). Calculate the highest common factor of 14 and c.
7
Let u(a) = -a**3 + 2*a**2 + 2*a - 2. Let q be u(2). Suppose 0 = -2*n + 2 + 2. Calculate the greatest common factor of q and n.
2
Suppose -2*k - 42 = 4*n, 2*n + 4 = 2*k - 8. Let m = -6 - n. Calculate the highest common factor of 1 and m.
1
Let a(z) = -z**3 - 9*z**2 - 2*z - 1. Let h be a(-9). Calculate the highest common factor of h and 17.
17
Let l(p) = -4*p**3 + 6*p**2 + 3*p + 5. Let o be l(-5). Suppose -4*d + o = d. What is the greatest common divisor of d and 16?
16
Suppose 5*u = 3*p + 16, 2*u = -u - 3*p + 24. Let n = 10 + u. Calculate the greatest common divisor of 6 and n.
3
Let j(r) = -r**2 + 11*r + 26. Let z be j(13). Let q(w) = w**2 + w + 1. Let g be q(-2). Let k be 1 - (z/3)/g. What is the highest common factor of k and 9?
1
Suppose 3*i - 4*i = 5*c - 196, -153 = -4*c + 3*i. Let o be (-4)/((-16)/60) + 4/(-2). Calculate the highest common factor of c and o.
13
Let x(a) = a**2 - 2*a. Let y be x(5). Calculate the greatest common factor of y and 45.
15
Let g(d) = -d - 15. Let a be g(-11). Let l = a - -20. What is the highest common factor of 24 and l?
8
Suppose -6 = n + d - 5*d, -5*n - 30 = 4*d. Let z be (-12)/n - (0 + -17). What is the greatest common factor of 57 and z?
19
Let u(k) = -k + 19. Let v be u(9). What is the highest common divisor of v and 2?
2
Let l(x) be the second derivative of -x**3/3 - x**2 - 2*x. Let w be l(2). Let f be ((-32)/w)/(2/6). What is the highest common factor of f and 24?
8
Suppose y - 4 = 0, 3*h + 3*y = 5*y - 188. Let j = h - -100. Calculate the greatest common factor of j and 8.
8
Let j be (-1*1)/(6/(-12)). Let k(z) = z**3 + z**2 - z. Let y be k(j). Let u be 2/(-5) - (-114)/y. What is the highest common divisor of 44 and u?
11
Suppose 5*v = 72 + 28. What is the highest common factor of 4 and v?
4
Let a(i) = -2*i. Let d be a(-4). Suppose 2*p + 4*b - d = 0, -5*p - 2*b - 8 + 36 = 0. Suppose -2*x + p = -20. Calculate the highest common factor of 104 and x.
13
Let t(k) = -k**2 - 8*k - 3. Let g = 7 + -13. Let n be t(g). What is the greatest common divisor of 9 and n?
9
Suppose -2*u + v + 19 = 0, -5*v - 42 = -5*u + 3. Calculate the greatest common divisor of 10 and u.
10
Let k = -11 - -10. Let u = k - -3. Suppose -u*v = -v - 117. Calculate the highest common factor of 13 and v.
13
Let d = -5 + 61. Calculate the highest common factor of d and 112.
56
Let a be (1/2 - -1)*-4. Let v be (-111)/a*2 + -2. Suppose -6*f = -f - v. What is the greatest common factor of 56 and f?
7
Let b(j) = -16*j + 8*j - 18*j + 1. Let n be b(-1). Let t = n + 6. Calculate the greatest common divisor of 22 and t.
11
Suppose 33*h = 35*h - 104. Calculate the highest common divisor of h and 13.
13
Suppose -o = -5*m - 3 + 82, 3*m - 49 = o. Suppose 3*j + 0*g = 3*g + 405, 540 = 4*j - 5*g. What is the greatest common factor of j and m?
15
Let u = -500 - -524. Let a(r) = 13*r - 5. Let b be a(5). Calculate the highest common factor of b and u.
12
Suppose 5*h = -0*h + 80. Let d be (2/6)/((-7)/21). Let t be (d/(-1) - 2) + 49. What is the highest common divisor of h and t?
16
Let z = -6 - -8. Calculate the greatest common factor of 2 and z.
2
Let o be ((-249)/(-15) - 4) + (-2)/(-5). Calculate the greatest common divisor of 13 and o.
13
Let a be 18*10/(-12)*-8. Let x = 38 - 26. What is the greatest common divisor of x and a?
12
Let s be 66/(-54) - 4/(-18). Let l be (s - (-1 - 0)) + 12. What is the highest common factor of 108 and l?
12
Let h be 2/(-9) + 11/9. Let y(s) = 10*s**3 - s**2. Let j be y(h). Calculate the greatest common divisor of j and 72.
9
Let w be (119/51)/((-2)/(-36)). Calculate the greatest common factor of 14 and w.
14
Suppose 0*y - 3*y + 6 = 0. Let o be (-1)/y*(-1 - 197). What is the greatest common factor of o and 11?
11
Let k be 16/10 - 2/(-5). Suppose -6*l + 8 = -k*l. Suppose -l*z + 5*j = -52, 0 = z - 3*z - 5*j + 12. What is the greatest common factor of 160 and z?
16
Let q = -260 - -449. Let r(y) = -4*y - 11. Let f be (-8)/((1 + 0)/1). Let c be r(f). What is the highest common divisor of c and q?
21
Let o = -32 + 82. Calculate the greatest common divisor of o and 75.
25
Suppose 0 = -2*g + 2*t - 0 + 26, g = -2*t - 2. Calculate the highest common divisor of 1 and g.
1
Let t(z) = -z**3 + 7*z**2 - z + 7. Let n be t(7). Suppose 0 = -3*b + 2*x + 163, 4*b + 2*x + x - 223 = n. What is the highest common divisor of 11 and b?
11
Suppose 0 = -4*a + 4*t + 800, 290 = a + t + 88. Let k = -93 + a. What is the highest common divisor of 12 and k?
12
Let m be -10 + -1 - 3/(-1). Let a(i) = -i + 2. Let u be a(m). What is the highest common factor of u and 90?
10
Suppose -72 = -7*m + m. What is the highest common divisor of 156 and m?
12
Suppose 1 = 2*r - 3. Let v(y) = y**3 - 3*y**2 + 4*y - 3. Let f be v(2). Suppose i + 4 = -2*k, k + 0 = -2*i + f. What is the greatest common factor of i and r?
2
Let n(t) be the third derivative of -t**4/24 - t**3/3 - 4*t**2. Let o be n(0). Let g be (-2 - o) + 21 - 3. What is the highest common divisor of 6 and g?
6
Let c(u) = 3*u**2 + 5*u + 2. Let o be c(-6). What is the highest common divisor of 10 and o?
10
Suppose -39 = -5*m - 3*a, -3*m + 7 - 1 = -4*a. Suppose 50 = -4*z + 9*z - 4*p, 3*z - 23 = p. Calculate the greatest common factor of m and z.
6
Suppose 6*k - k = 130. Let g be ((-1)/2)/((-2)/12). Suppose 0 = -g*a + 3*x + 66, -3*x - 140 + k = -5*a. Calculate the highest common factor of 12 and a.
12
Suppose 10*z - 12 = 48. Let y = -51 + 75. What is the greatest common divisor of z and y?
6
Suppose 7*u - 200 = -u. What is the greatest common factor of u and 50?
25
Let u be 32 - ((-6)/2 + 3). What is the highest common factor of 4 and u?
4
Suppose -g = y - 1, 2*g + 4*y = 5*g - 38. What is the greatest common factor of 15 and g?
3
Let p be 2/((-8)/22)*-2. Suppose -2*l + 7*l - 110 = 0. Calculate the greatest common factor of p and l.
11
Let q be -1*(1 - (0 + 1)). Suppose 4*y - 38 - 2 = q. Let w = -106 + 216. What is the greatest common factor of w and y?
10
Suppose -5*z + 19 = 4. Suppose -3*r = -z*k + 228, 4*k - 36 + 194 = -2*r. Let m = r + 115. Calculate the highest common factor of 57 and m.
19
Let f(p) be the first derivative of 5/3*p**3 - 2*p + 1 - 1/2*p**2. Let y be f(-2). What is the highest common divisor of y and 10?
10
Suppose 0 = 3*i - 5 - 1. Let m be (47 - i/(-2)) + 0. Suppose m = 4*d - 5*k - 24, d - 5 = -2*k. Calculate the gr